Suppose 7*i - 854 = 210. What is the greatest common factor of i and v?
76
Let r(y) = -y**3 + 112*y**2 + 133*y - 2187. Let u be r(113). Calculate the highest common factor of u and 3.
1
Let x be 8/(-20) - ((-39830)/200 - 12/(-16)). Calculate the greatest common factor of x and 2502.
18
Suppose 3*c - 336 = -3*h + h, -3*c + 336 = 5*h. Calculate the greatest common factor of 9464 and c.
56
Suppose 35627 - 4442 = -1120*d + 1153*d. Calculate the highest common factor of 360 and d.
45
Let b be 134/8 + 16/28 + 468/(-1456). Suppose 4*w + 5*j - 899 - 383 = 0, 4*w - 1290 = -j. Calculate the highest common factor of b and w.
17
Let s = 9840 - 6643. What is the greatest common divisor of 139 and s?
139
Let x = 178 - 173. Suppose -x*y + 169 = -v, -4*y = 3*v - 2*v - 137. What is the greatest common divisor of 4 and y?
2
Let m be (-202)/(5 - 6 - (1 - 0)). Let p = m + -96. Suppose p*u - 232 = 888. What is the highest common divisor of 14 and u?
14
Suppose -26*n - y = -23*n - 545, 0 = 20*n - 3*y - 3672. What is the greatest common factor of 5307 and n?
183
Let z(c) = -c**3 - 17*c**2 + 39*c + 21. Let h be z(-19). Suppose m - 40 = h*o, -49 + 24 = 5*o. Calculate the greatest common divisor of m and 210.
30
Suppose 260309 = 19*l - 98088. Calculate the highest common factor of 13 and l.
13
Let j be ((-40)/6)/(43/(-9546)). Suppose 33*n = -4*n + j. What is the highest common divisor of 5 and n?
5
Suppose -1185*r + 1254 = -1179*r. Let l(s) = 2*s + 7. Let u be l(6). What is the greatest common divisor of r and u?
19
Let j(p) = 262*p - 158 - 96*p - 117*p. Let k be j(23). Calculate the highest common factor of 57 and k.
57
Let g be 15/55 - (3 - 548775/55). What is the highest common factor of g and 105?
105
Suppose -210 = -0*z - 5*z. Let i = 86 + -66. Let s(m) = -m**3 + 19*m**2 + 27*m - 35. Let a be s(i). What is the highest common factor of z and a?
21
Suppose z + 5*l = -3*z + 6, l = z + 3. Let u = z + 109. Calculate the greatest common divisor of 27 and u.
27
Let z be 3586/44 + 9/(-2). Let g be (-1)/1 + (-2 - -1). Let j be (2 - 0)*(-7)/g. Calculate the highest common factor of j and z.
7
Suppose n - 5424 = -4*g, n + g = 3192 + 2226. What is the greatest common divisor of n and 8?
8
Let s = 38 - 92. Let h be (s/8)/(-6 - (-94)/16). What is the highest common divisor of 9 and h?
9
Let y be (-15)/(-9) - (2000/(-24) - 7). Let g = 87 + -18. What is the highest common divisor of g and y?
23
Suppose 4*c - u - 230 = 0, -4*c = 7*u - 2*u - 218. Calculate the highest common factor of 665 and c.
19
Let z be 14/(-3) - (-1)/(-3) - -46. Let j = 179 + -138. What is the highest common divisor of j and z?
41
Suppose 23*n + 6 = 25*n. Let b be (422/n - 1) + 17/51. What is the greatest common divisor of 20 and b?
20
Let a be ((-6)/10)/(299/(-17940)). Calculate the highest common divisor of a and 10.
2
Let j be (-40)/9*81/(-9). Let y be ((-10)/3)/((-6)/72). Calculate the greatest common divisor of y and j.
40
Let d(z) be the first derivative of z**4/4 + 5*z**3/3 + 5*z**2 + 11*z - 13. Let g be d(-6). Let a = -58 - g. What is the highest common factor of a and 3?
3
Let v(r) = r**2 + r + 6. Let x be v(-2). Let t be -4 + 185 - (-11 + x). Calculate the highest common factor of 138 and t.
46
Let h = 37604 - 37590. Let l be (-30)/9*6/(-2). Let i be (28/(-5))/((-2)/l). Calculate the greatest common factor of h and i.
14
Suppose 197*i - 926 = 199*i. Let b = i - -547. Calculate the highest common factor of 21 and b.
21
Let s = -16 - -103. Let x = -6876 + 6905. Calculate the highest common divisor of x and s.
29
Let p(v) = v**2 - v + 2. Let q be p(2). Let l(o) = 2*o**2 + 20*o + 22. Let d be l(-9). Let m = 6 + d. Calculate the highest common factor of q and m.
2
Let d be ((-27)/(-30) + 12/(-24))*15. Suppose -6*k + 2*k + 12 = 0. Suppose k*u = -u + 24. Calculate the greatest common factor of d and u.
6
Let g(f) = -f**2 - 25*f - 105. Let j = 659 - 667. Let c be g(j). Calculate the highest common divisor of 1333 and c.
31
Let n be 4/(-7) + (-48)/14. Let y be 1/2*(n + 268). Suppose 4*t - 60 = 4*i, 3*i + 49 = -5*t + y. What is the highest common divisor of 32 and t?
16
Suppose 0 = -2*b - 5*v + 779, -5*b = v - 2738 + 825. Let h = -374 + b. What is the highest common divisor of h and 20?
4
Suppose 6*b + 743 = 125. Let a be (-7 - -5)*(-5 + b). Calculate the highest common divisor of a and 12.
12
Let o(k) be the first derivative of -k**3/3 - 7*k**2 - 20*k - 7. Let d be o(-12). Suppose -10 = 3*a - d*a. Calculate the greatest common divisor of 100 and a.
10
Let q = 366 - 316. Suppose f = 35 + q. Calculate the highest common factor of 51 and f.
17
Suppose 1307 + 997 = 24*v. What is the greatest common factor of 632 and v?
8
Let b be 4/6 - 26/(-6). Let k be 2/(3*2/36). Suppose 0 = k*l - 3*l - 405. Calculate the greatest common divisor of b and l.
5
Suppose -3*q = -4*o + 251, 4*o + 4*q - 221 = q. Suppose -4*a + 38 = -2*a. Suppose a = -4*c + o. Calculate the highest common divisor of 40 and c.
10
Let w(s) = -250*s - 3180. Let h be w(-19). Suppose -4*i - 2*y = -36, -2*i - 30 = -4*i + 5*y. Calculate the greatest common factor of i and h.
10
Let c be 3 - 3605*(68/(-28) - 1). Calculate the greatest common factor of c and 39.
39
Suppose 28 = -2*k + 4. Let s(c) = 4*c**2 + 47*c - 7. Let y be s(k). Calculate the highest common divisor of 85 and y.
5
Let c(u) = u**2 - 22*u - 2535. Let n be c(-57). What is the greatest common divisor of n and 80?
16
Let c = -38961 - -42802. What is the highest common factor of 46 and c?
23
Let a be ((-22)/(-11))/((-16)/6)*-8. Let t be ((-147)/12)/(a/(-24)). Calculate the greatest common divisor of 539 and t.
49
Suppose -2*f - 5*c + 142 = -497, -4*c = 2*f - 642. Let k = f - 187. Calculate the highest common factor of k and 40.
20
Let o(c) = -c**3 + 32*c**2 - 25*c - 76. Let l be o(31). Suppose 5*m = 15*m - l. Calculate the greatest common factor of m and 275.
11
Let k be (-1)/5 - (-8857680)/12525. Let q = -10 + 17. What is the highest common factor of q and k?
7
Let c = 3834 + -2625. Calculate the highest common divisor of 93 and c.
93
Let m = 8371 + -8086. What is the greatest common divisor of m and 19?
19
Suppose -4*l = 2*s - 6*l - 186, 3 = -l. Calculate the greatest common divisor of s and 80.
10
Let f(v) = -3*v**2 - 8*v - 13. Let h be f(-5). Let k be 0/(-2)*16/h + 105. Calculate the greatest common factor of k and 42.
21
Suppose -3*j - 2*m + 3244 = 0, -11*m = -j - 8*m + 1074. Let s = j + -896. What is the greatest common divisor of 92 and s?
92
Suppose -2*w - 57 = -21*w. Suppose 38 = w*n - 4*i, 41*n = 37*n - 5*i + 30. Calculate the greatest common divisor of n and 15.
5
Let k(p) = 48*p**2 - p + 1. Let o be k(1). Let d be 10/85 - 100/(-17). Suppose -8*j + 9*j = d. What is the highest common divisor of j and o?
6
Suppose -r - 2 = 0, 28 = -3*a - 3*r - 2*r. Let p be (1 + 0)/(a/(-96)). Let g be (8/(1 + -3))/(-1). What is the greatest common factor of p and g?
4
Let c(o) = -109*o - 1. Let k be c(-1). Let u = -214 + 114. Let s be 30/(-105) - u/7 - 2. What is the highest common divisor of k and s?
12
Let z be ((-204)/(-1))/((12/(-12))/(-2)). Let i = 297 + z. What is the highest common divisor of 15 and i?
15
Suppose -2*v + 9 = 5*t, 3*t - 2*v + 5*v = 0. Let j be 825/t + (-22 - -22). Calculate the greatest common factor of j and 50.
25
Let g(o) = -19*o + 40*o - 22*o + 7. Let x be g(9). Let k be (-24)/(-30)*(x + 152). Calculate the greatest common factor of 48 and k.
24
Let m(t) = -t**3 + 9*t**2 + 10*t + 9. Let a be m(10). Let x be 0 + 10/(20/3402). Suppose -45*b + 18*b = -x. Calculate the greatest common factor of b and a.
9
Let t be (33 - 31)/(4/100). Calculate the greatest common factor of 2325 and t.
25
Let p(g) = -g**2 - 82*g + 30. Let i be p(-44). Calculate the greatest common divisor of i and 46.
46
Let j(z) = 4*z**2 - 6*z + 4. Let v be j(1). Suppose -114 = -v*f + 6. What is the highest common divisor of f and 270?
30
Let r(v) = v**3 - 10*v**2 - 9*v - 19. Let k be r(14). Let w = -4043 + 4114. What is the highest common factor of w and k?
71
Suppose -q - 4*z = -53, -3 - 1 = -2*z. Calculate the highest common divisor of 90 and q.
45
Let o(q) = 2*q**3 - 2*q**2 - q + 2. Let r be o(2). Suppose 5665 - 985 = r*p. What is the greatest common factor of p and 30?
15
Let o(t) = 6*t**2 - 4*t - 3. Let y 